 - 1. Let i be (18 - 1)*(3 + -4). Let k = 17 + i. Let y be (2 - 3)*(-1 - k). Determine z(y).
-6
Let v(l) = -5*l**2 + 1 + 0*l**2 + 167*l - 165*l. Determine v(-2).
-23
Let n = 1893/2270 - 2/3405. Let t(m) be the second derivative of -4*m + 0 - n*m**3 - 2*m**2 - 1/12*m**4. Give t(-4).
0
Let n(u) = u. Let h = 109 - 73. Let w be h/126 + (-4)/14. Let d be -4 - (-3 - w - -2). Calculate n(d).
-3
Let t = -5 + 8. Let r(p) = 0*p - 12*p + 6*p - p**3 - 5*p**2 - 3 + 2*p**t. Give r(6).
-3
Let t(p) = -6*p + 7. Let r(c) = -c + 4. Let h(y) = -4*r(y) + t(y). Give h(-13).
17
Let c be 27/18*2*-3. Let j = -13 - c. Let d(s) = s**3 + 3*s**2 - 3*s + 1. Calculate d(j).
-3
Let n(b) = -b**2 + 7*b + 10. Suppose -2*l = -18 + 14. Suppose -z - 2*q - 32 = -4*z, l*z - 12 = -q. What is n(z)?
2
Let v(i) = -3*i**3 + 3*i**2 - i - 2. Let s(x) = 2*x**3 - 2*x**2 + x + 2. Let z(u) = 5*s(u) + 4*v(u). Determine z(2).
-4
Let n(v) = 1 + 315*v**2 - 636*v**2 - 4*v + 320*v**2. Give n(-4).
1
Let r(b) = -b**2 + 2*b**2 - 6*b**2 + 10*b**2 + 5*b + 28 + 4*b**3. Let q(s) = -s**3 - s**2 - s - 7. Let n(w) = 9*q(w) + 2*r(w). Determine n(0).
-7
Let p be (-6)/(-9) + 13/3. Suppose p*d - 19 = -4. Let x be (-14)/d + (-9)/27. Let n(s) = -s - 5. Determine n(x).
0
Suppose 19 = y - 5*d, d - 5 = 3*y - 5*y. Let w(x) = 251 - y*x - 3*x**2 - 257 + 2*x**2. Let o = -9 + 5. Calculate w(o).
-6
Let h(a) = a**2 + 7*a - 11. Let g(f) = f**2 + 8*f - 12. Let s(m) = -3*g(m) + 4*h(m). Let v be s(-4). Let u(k) = k**2 + 7*k - 4. Calculate u(v).
4
Let x be -2*(-6)/4*1. Let p(r) = 15*r + x + 9 - 8*r**2 + 5*r**2 + 2*r**2. Let s be p(16). Let j(o) = -o**3 - 5*o**2 - 6*o - 4. Determine j(s).
4
Let r(p) = 3*p + 12. Let i(t) = 2*t + 6. Let q(f) = 5*i(f) - 3*r(f). Let l be q(17). Let a(z) = -2 + 2*z**2 - z**2 + 2*z + 10 - l. What is a(-5)?
12
Let a(j) = -j**2 - 8*j + 1. Let k = 397 + -406. What is a(k)?
-8
Let x(p) = -p**2 + 3*p + 7*p**2 - 6*p - 5*p**2 + p. Suppose 2*g + 3*o = g + 16, g = -2*o + 12. Calculate x(g).
8
Let h(x) = 3*x**2 + 1. Let m be (-9)/((-27)/(-6)) - -4. Suppose 16 = m*a - 6*a, 15 = -5*r - 5*a. Calculate h(r).
4
Let s(l) be the third derivative of -l**4/4 - 4*l**2 - 15*l. Calculate s(-2).
12
Suppose s = 11*s - 0*s. Let b(w) = -w**2 - w - 7. Give b(s).
-7
Let m(c) be the second derivative of -c**7/2520 - 7*c**6/720 + 7*c**5/120 - 5*c**4/3 - 3*c. Let f(z) be the third derivative of m(z). Determine f(-7).
7
Let m(h) = 2*h + 4. Let x(t) = 1 + 1 + 0*t + t. Let j be (-11 - 4)/(-1*3) - 2. Let c(a) = j*m(a) - 7*x(a). What is c(-1)?
-1
Let m = -49 - -53. Let o(z) = -m*z**2 + 0*z + z**3 + 3 - 4*z + 7*z. What is o(3)?
3
Let u(t) = -10*t - 6. Let n(l) = -7*l - 3. Let o(p) = -3*n(p) + 2*u(p). Determine o(0).
-3
Suppose -10 = -4*h - 66. Let c = h - -19. Suppose 0*q = -c*q - 15. Let z(j) = j**2 - 4. Calculate z(q).
5
Let g(j) = 6*j - 6. Let t(p) = p - 1. Let m(q) = -g(q) + 9*t(q). Let o be -5 + 4 + (-2 - 0). Determine m(o).
-12
Suppose 0 = -2*g + 5*g - 21. Let m be (36/63)/((-2)/g). Let c(f) = -7*f + 2. Determine c(m).
16
Let r(c) = -c**3 - 5138*c + 5134*c - 49 - 32*c**2 + 28*c**2. What is r(-5)?
-4
Let n(k) = 2*k**2 + 2*k + 11. Let g(o) = o**2 + 2*o + 2. Let l(y) = 3*g(y) - n(y). Determine l(-6).
7
Let a(s) = 4*s**3 - 21*s**2 + 16*s + 27. Let b(d) = 3*d**3 - 14*d**2 + 10*d + 18. Let q(t) = -5*a(t) + 7*b(t). Determine q(-8).
7
Let o be 2 + (-3)/(-1) + 12/(-3). Let j(p) = -4*p**2 - p - 1. Let x(d) = -d**2 - d - 1. Let r(y) = o*j(y) - 5*x(y). What is r(-4)?
4
Let g(h) = 12*h + 13. Let b be g(-1). Let j(w) = -4*w**2 - w + 1. Calculate j(b).
-4
Let y(c) = -c - 5. Let h(b) = -b - 5. Let d(u) = -5*h(u) + 6*y(u). Let j be ((-2)/(-4))/(4/(-48)). What is d(j)?
1
Let k(p) = -3*p. Let l be k(-3). Let c(b) = b**3 - 10*b**2 + 7*b + 6. Let d be c(l). Let n be d*3/12*2. Let r(t) = -t + 7. Give r(n).
13
Suppose -5*r - 25 = 0, -4*r - 11 - 3 = 2*w. Let h(n) = 4 - 439*n**w + 440*n**3 - 4 + 7*n + 7 + 6*n**2. What is h(-5)?
-3
Let q(i) = -26*i**2 + 57*i**2 + 6*i - 30*i**2 + 13*i - 50. Calculate q(-22).
16
Suppose 3*c - 12 = -3. Let l(g) = -4*g**2 + 8*g**2 + 2 + g - c*g**2. What is l(-4)?
14
Suppose -2*w - 8 = 0, -18*p + 31 = -19*p - 3*w. Let o(v) = 2*v**2 + 38*v + 1. Give o(p).
1
Let r(c) = 5*c**2 - c - 1. Let y be r(-1). Let s(m) be the third derivative of m**4/24 + m**3/3 - 5*m**2. Give s(y).
7
Let x(n) = -6*n**2 - 6*n - 3. Let m be x(-3). Let w be (-52)/m*(-6)/(-4). Let b(y) = y**3 - 5*y**2 + y + 2. What is b(w)?
-8
Let m be (16/(-24))/((-1)/(-3)). Let s(c) = c - 12. Let h be s(8). Let q(i) = 3*i + 2. Let d(p) = -3*p - 3. Let y(f) = h*d(f) - 5*q(f). Determine y(m).
8
Let t(c) = -2*c**3 + 3*c + 16*c**3 - 10*c**3 + 5*c**2 - 3*c**3. Let y = -114 + 112. What is t(y)?
6
Suppose x + 4*x = 0. Suppose x = -3*h - 6 - 6. Let j(s) = 4*s + 2. Determine j(h).
-14
Suppose 3*b + 0*i - 2*i - 7 = 0, 0 = -4*b - 5*i - 6. Let c(v) = b - 1 + v. Let d(n) = n**2 - 20*n - 861. Let t be d(-21). What is c(t)?
0
Let b(h) = h**2 - 10*h + 13. Let z be b(9). Let u(f) be the first derivative of -f**4/4 + 4*f**3/3 + 3*f**2 - 4*f - 25. Determine u(z).
20
Let k(r) = -4 - 16*r + 0 + 6*r. Let n(b) be the first derivative of b**2/2 + b + 67. Let m(u) = k(u) + 5*n(u). Give m(2).
-9
Let v(d) = 2*d - 7*d - 2*d**3 - 6*d**2 - 4*d + 50 + d**3 - 58. What is v(-6)?
46
Suppose -q - 4*z = -2*z + 7, -5*z = q + 13. Let n(u) = -4*u - 4 + 1 + 2*u**2 + u**3 + 0. What is n(q)?
0
Let v(b) = -b**2 - 5*b - 4. Let n be v(-3). Suppose 0*f + 2*j + 14 = n*f, j = 2*f - 12. Suppose z - 2 = -f. Let l(g) = -g**3 - 3*g**2 - 2*g - 4. Give l(z).
2
Let a(y) = -y**3 + 4*y**2 + 3*y - 1. Let b(u) = -7 - 10*u**2 + u**3 + 11 - 11*u + 1. Let x be b(11). Calculate a(x).
-11
Let f(r) = 4*r**2 - 16*r - 3. Let l(p) = 5*p**2 - 17*p - 3. Let m(t) = 6*f(t) - 5*l(t). What is m(-8)?
21
Let i = -45 + 53. Let q be (i/(-6))/(3/9). Let n(w) = w**3 + 5*w**2 - 2*w - 2. What is n(q)?
22
Let p = -917 + 927. Let d(z) = 3*z - 2. Calculate d(p).
28
Let t(a) be the second derivative of a**4/12 - 3*a**3/2 + 9*a**2 + 44*a. Let s be t(5). Let u(r) = -2*r**2 - 2*r - 1. Give u(s).
-5
Let t(k) = k**3 + 4*k**2 - 6*k - 1. Suppose 0 = 21*s + 105. Determine t(s).
4
Let v(t) be the first derivative of t**3/3 + 5*t**2/2 + 3*t + 8. Let n(r) = 3*r**2 + 9*r + 7. Let i(m) = 2*n(m) - 5*v(m). Calculate i(8).
7
Let v(x) = -11*x + 2. Let a(p) = -p**3 - 4*p**2 - p - 3. Let g be a(-4). Suppose -5 + g = 2*r. Determine v(r).
24
Let b(p) = 2*p**2 + 7*p + 4. Let z be b(-5). Let j = -17 + z. Let u(s) = -2*s**3 + 2 - 2*s - 3 + s**2 - 1 + 3*s**2. Determine u(j).
-6
Let a(i) be the second derivative of i**4/12 - 2*i**3/3 - 7*i**2/2 + 754*i. Let s = -20 + 28. Let f = -3 + s. Calculate a(f).
-2
Let n(j) be the first derivative of -3*j**2 - 1. Suppose -2*r = -m + 13, 3*r + 0 = -12. Suppose 5*w = 5*v + 5, m*v - 5*w = 3*v - 8. Determine n(v).
-6
Let x(w) = 114*w - w**2 - 337*w + 2*w**2 + 111*w + 111*w. Let r = 3 - 2. Give x(r).
0
Let x be 12/20 - (-46)/(-10). Let d = x - -3. Let k(j) be the first derivative of j**2/2 + j + 8. Determine k(d).
0
Let m(z) = -13*z - 3. Let y be (-7)/(-3) + (-20)/(-12). Suppose 0 = -3*g - y*h + 14, -g = 2*g + 5*h - 19. What is m(g)?
23
Let h(z) = z**2 - 11*z + 3. Let i(k) = 8 + 2*k + 7 - 13 - 12*k + k**2. Let j(o) = 4*h(o) - 5*i(o). What is j(6)?
2
Let b(n) = -4*n**2 - 9*n - n**3 - 5*n**2 - 403 + 392 + 0*n**3. Calculate b(-8).
-3
Let t(v) be the third derivative of v**6/120 + v**5/10 - 5*v**4/24 + v**3 + 2*v**2. Let i(c) = 17*c + 44. Let f be i(-3). Give t(f).
-8
Suppose 15*f = 16*f - 2. Let w(q) = 132*q**2 - 133*q**f + 4 + 2. Let g be -1 + 1 - 0/(-1). What is w(g)?
6
Let m(s) = -13*s - 13. Let k(o) = 5*o + 4. Let v(y) = 8*k(y) + 3*m(y). Calculate v(7).
0
Let v(i) = -3*i**2 - 12*i + 1. Let m(n) = -3*n**2 - 10*n + 1. Let t(y) = -7*m(y) + 6*v(y). Calculate t(-2).
15
Suppose v - 59 + 46 = 0. Let y(l) = -14 - l - v - 19 + 50. Give y(-4).
8
Let j(q) be the second derivative of -q**4/3 - q**2/2 + 12*q - 1. Let h be ((-3)/(-9))/((-1)/(-3)). Let o be j(h). Let b(s) = s + 6. What is b(o)?
1
Suppose -81 = -5*z - r, -82 = -2*z - 3*z - 2*r. Suppose -46 = -4*v - 2*o, -z = -2*v - 2*o + 4. Let c = v - 8. Let q(p) = p + 3. What is q(c)?
8
Let z(b) = 2*b**2 - 6*b - 6. Let t be (-5)/25 - (-11)/((-110)/(-52)). Determine z(t).
14
Let i = -2 + 2. Suppose -5*r - g + 